 8, 2*y + 4*f = 16. What is the highest common factor of y and o?
8
Suppose 6*l - 9*l + 35*s = -9, 3*l - 4*s = 102. What is the highest common factor of 1919 and l?
19
Suppose -81*m + 4913 + 575 - 628 = 0. Let k = -32 - -47. Calculate the highest common divisor of m and k.
15
Let o(s) = 4*s**2 + 12*s - 12. Let p be o(5). Suppose -j - p = -3*z + 4*j, 0 = -2*z - 5*j + 107. Calculate the greatest common factor of z and 204.
51
Let b be (-20)/25 + (-48)/(-10). Let x be (-2)/b*4/(-2). Suppose -4*z - 3*q + 26 + 9 = 0, -4*z + 30 = 2*q. What is the highest common divisor of x and z?
1
Suppose 92807 = 62*y - 3*y. Calculate the highest common divisor of y and 195.
13
Let j be (-116)/(-3)*(3 + 15/(-10)). Suppose 0 = 4*w - j - 42. Calculate the highest common divisor of w and 25.
25
Let q(b) = -4039*b + 374. Let s be q(-1). What is the greatest common divisor of 3 and s?
3
Suppose 500*h = 503*h - 12, -w + h = -8. What is the highest common factor of w and 1011?
3
Suppose 3*o = -169*l + 172*l + 20664, -2*l = 2*o - 13808. Calculate the highest common divisor of 80 and o.
16
Let n be 6*-1*((-108)/8)/9. Let f(z) = -122*z - 1569. Let a be f(-15). What is the highest common factor of a and n?
9
Let i(o) = -o**3 + 3*o**2 - 75*o + 40. Let k be i(0). Suppose 765 = 5*b - 2*h - 325, -865 = -4*b + 3*h. What is the greatest common factor of k and b?
20
Let a = -548 + 684. Calculate the highest common factor of 152 and a.
8
Let f be (-257954)/(-54) + -36*(-10)/4860. Calculate the highest common divisor of 68 and f.
17
Suppose 3*d - q = 315, 7*d = 8*d + q - 101. Let r = 1 + d. Calculate the greatest common divisor of r and 30.
15
Suppose 3*z - 3 = -z - i, -3*i - 3 = 0. Let o be 48/(-5) + 3/5. Let m be o + 11 + 6/z. What is the greatest common factor of 12 and m?
4
Let z = -3457 + 3471. What is the greatest common divisor of z and 5222?
14
Suppose -w - 4 = 0, 4*w + w = 3*r - 70331. What is the highest common divisor of 23 and r?
23
Suppose 0*j = 4*j - 320. Suppose -575 - 290 = -32*l + 671. Calculate the greatest common factor of j and l.
16
Suppose -3*m + 15 - 33 = 0. Let p be -12*m/84*21. Calculate the greatest common factor of p and 90.
18
Let b be 180/20 + -5 - -70. What is the greatest common factor of b and 481?
37
Let d(x) = x**2 + x + 2. Let b be d(-11). Calculate the greatest common factor of b and 140.
28
Suppose -16*t = -3287 - 2517 - 1748. What is the greatest common divisor of t and 8?
8
Let t be (((-390)/(-18))/13)/((-10)/(-114)). Let n(q) = -q**3 + 4*q**2 + 2*q - 7. Let i be n(4). What is the greatest common divisor of t and i?
1
Suppose 654 = 12*b - 7*b + 3*p, 0 = 2*b + 3*p - 276. Calculate the greatest common divisor of 42 and b.
42
Let l(y) = 5*y**3 - 46*y**2 - 310*y - 8. Let z be l(14). Calculate the greatest common divisor of 32 and z.
4
Let v be (19 + 0)*(-4 + 1). Let t = 58 + v. Suppose -t = w + 3, 5*z - 280 = -5*w. Calculate the highest common factor of z and 24.
12
Let x be (25/10)/((-2)/(-32)). Let l(n) = -382*n + 3628. Let j be l(9). Calculate the greatest common divisor of j and x.
10
Let x be ((-15)/(-6) + -3)*0 + 14. Suppose x*w - 28 = 10*w. Let r = w + 5. What is the greatest common factor of r and 108?
12
Let j = 134 + -1102. Let h = j - -1664. What is the highest common divisor of 8 and h?
8
Let i(x) = 8*x**2 - 98*x - 97. Let o be i(-1). Calculate the highest common factor of 11727 and o.
9
Let u(k) = -3*k + 122. Let g be u(15). Let j be 1/((-4)/34)*2. Let c = 24 + j. What is the highest common divisor of c and g?
7
Let f = 50 + 70. Suppose 38*u - 17208 = f. Calculate the greatest common divisor of 24 and u.
24
Let o(w) = -12*w**3 - w + 2. Let y be o(1). Let j(r) = 4*r**2 + 28*r + 9. Let d be j(y). Calculate the greatest common factor of d and 74.
37
Let j = -370 + 399. Let h(k) = -k**3 + 30*k**2 - 23*k - 123. Let s be h(j). What is the highest common factor of 612 and s?
51
Let v be (168/(-91))/((-12)/78). Calculate the highest common factor of 102 and v.
6
Suppose y - 76 + 14 = -3*g, -g + 20 = y. Let w be (155 - 1)/2*18/g. What is the highest common divisor of 22 and w?
22
Let a(c) = -157*c + 5069. Let q be a(32). What is the greatest common factor of 2511 and q?
9
Let u = 155 - 152. Suppose -3*b + 4*b + 2 = -3*r, -5*b + u*r + 26 = 0. Calculate the highest common factor of b and 256.
4
Let t be (-8494)/(-1674) + (-2)/27 - 180/(-10). What is the greatest common factor of t and 12719?
23
Let p = 4893 + -4452. What is the greatest common factor of p and 1617?
147
Suppose -5*u = 3*r + r + 5, -r + 5*u + 5 = 0. Suppose -n + 3*f = -99, 2*n - 2*f - f - 183 = r. Calculate the highest common factor of 56 and n.
28
Let m be 55/44*(5 + -1). Let a be ((-63)/15 + m)/(2/15). Suppose -w + 19 = -2*y, -4*y + a*y - 57 = -3*w. Calculate the greatest common factor of 133 and w.
19
Let b = 13330 + -13144. What is the highest common factor of 2914 and b?
62
Suppose -2517*f - 304 = -3*w - 2513*f, 0 = -w + 3*f + 108. What is the greatest common divisor of 50 and w?
2
Suppose -f = -0*f - 15. Let c(s) = s**3 + 20*s**2 - 2*s - 36. Let p be c(-20). Suppose p*m = -43 + 55. Calculate the greatest common factor of f and m.
3
Suppose -3*n + 4283 = 5*l, -129*n + 131*n + 5*l - 2867 = 0. What is the highest common divisor of 72 and n?
24
Let l = 2869 + -2040. Suppose 0 = -42*t + l + 431. What is the greatest common divisor of 320 and t?
10
Suppose 108 = 4*p - 0*p. Suppose -125*r - 79*r + 150*r + 16038 = 0. Calculate the highest common divisor of r and p.
27
Let k(a) = 2*a**3 + 5*a**2 - 32*a + 274. Let p be k(16). Calculate the greatest common factor of 108 and p.
54
Let w be 12/(-2) + (1015/42 - (-3)/(-18)). Let c = 64 + -46. What is the highest common factor of c and w?
18
Let q be (645/6)/(3/(-6)). Let m = q - -507. What is the greatest common factor of m and 73?
73
Let i = -2197 - -2355. What is the highest common factor of i and 4?
2
Let b = -3330 - -3342. Calculate the greatest common factor of 606 and b.
6
Suppose 2*t - 198 = -3*n + 5*t, 330 = 5*n - 2*t. Let h = n - 62. Suppose 4*q - h*b = 32, 3*q + q = 3*b + 34. Calculate the highest common factor of q and 45.
5
Let o be (-4 + 5)*(3 + 0). Suppose -o*m + 0*m = -78. Suppose -3*c - 4*j + 8*j + 179 = 0, -5*j = -20. Calculate the highest common divisor of c and m.
13
Let n = 76 - 114. Let g = -35 - n. Suppose g = -4*z + 19. Calculate the highest common factor of z and 44.
4
Let k = 44 - -14. Suppose 0*b - b + 73 = 2*q, -4*b = 3*q - 107. Let o = k - q. Calculate the highest common divisor of o and 3.
3
Let p(n) = -n**2 + 8*n + 22. Let w be p(10). Suppose 0 = -w*f - 4*f + 54. What is the highest common divisor of 243 and f?
9
Suppose -36*a + 1056 = -14*a. Suppose -4*b - 20 = 0, -4*b - 2 = -4*x + 10. Let v = x + 8. Calculate the greatest common factor of v and a.
6
Suppose 2*s - 1149*w - 50 = -1147*w, -2*w = -s + 18. Suppose 0 = -4*g + 27 + 421. Calculate the highest common divisor of g and s.
16
Let n(v) = -2*v - 1. Let w be n(-2). Suppose -y = -w - 0. Let g = 56578 - 56563. What is the highest common factor of y and g?
3
Suppose 114 + 121 = 5*a. Suppose -19*n = n + 7*n. Suppose -w + c + 467 = n, 171*w - c - 2347 = 166*w. Calculate the highest common divisor of w and a.
47
Suppose -5*v - 3*r + 207 = 0, -4*r - 172 = -3*v - v. Suppose 68*c - 96*c + 10584 = 0. What is the highest common divisor of v and c?
42
Let t(x) = 1392*x - 5247. Let o be t(11). What is the highest common factor of 55 and o?
55
Suppose 0 = 2*f + h - 363, -f + 381*h + 165 = 376*h. Calculate the highest common factor of 819 and f.
9
Let g(z) = z**3 + 6*z**2 - 13*z - 8. Let d be g(-7). Let a = d - 31. Calculate the highest common factor of a and 4.
1
Suppose 16*t = 1261 + 8371. Calculate the greatest common divisor of t and 774.
86
Suppose -4*b + 2*d = -502, -b + 7*d - 12*d + 164 = 0. Calculate the greatest common factor of 1161 and b.
129
Let y = 23480 + -23472. Calculate the highest common divisor of y and 5404.
4
Suppose 10*p + 1411 = 14011. Let h be 3/(438/p - (-2)/(-15)). What is the greatest common factor of 896 and h?
14
Let p(l) = 61*l + 240. Let y be p(-4). Let v(c) = 5*c**2 + 32*c + 108. Let k be v(y). Calculate the highest common divisor of k and 228.
12
Let i(l) be the first derivative of 5*l**2/2 + 150*l + 43. Let g be i(-29). What is the h